ose g - 130 = 6*g. Let j = g + 58. What is the tens digit of j?
3
Suppose 3*x - 2 = -8. Let f be 9/(-15)*30/x. Suppose j - 22 + f = 0. What is the tens digit of j?
1
Let p(y) = -y**3 + y**2 + 23. Let v be p(0). Let g = 37 - v. What is the tens digit of g?
1
Suppose 5 = 5*q + 25. Let f = 27 + q. Suppose 11 + f = 4*s - 5*p, -3*s = 3*p - 12. What is the units digit of s?
6
Let z(v) = 2*v**2 + 10*v - 1. What is the units digit of z(-7)?
7
Let q(l) = l**3 - 7*l**2 + 5*l + 6. Let j be q(6). Suppose -4*r + 24 + 0 = j. What is the tens digit of (r/8)/((-3)/(-48))?
1
Let x = 84 - 36. What is the tens digit of x?
4
What is the hundreds digit of 479*5/10 + (-2)/(-4)?
2
What is the hundreds digit of (3/(-6)*0)/1 + 129?
1
Let k(f) = -7*f**3 + f**2 - 1. Let b be k(1). What is the units digit of (-2 + 10)/(b + 8)?
8
Suppose 4*k - 647 = -3*h - 0*h, -k + 2*h = -159. What is the units digit of k?
1
Suppose 2*v - 94 - 78 = -3*j, -384 = -5*v + 4*j. What is the units digit of v?
0
Let d be (6/4)/(-1)*-2. Let b be (-5 + 1)/((-2)/2). Suppose b*l - 3 = d*l. What is the units digit of l?
3
Let t = 2 - 7. Let n = t + 1. What is the units digit of (-14)/n + (-12)/(-8)?
5
Suppose -3*x + 5*z = -48, -x - 2*z + 5*z = -12. Suppose 4*h = -p + x, -3*p + 9 = h + p. What is the units digit of h?
5
Let r = -107 + 261. What is the units digit of r?
4
Suppose -2 = 2*g - g. What is the units digit of 2/2*(-1 - g)?
1
Suppose -3*b + 205 = 4*c, -4*b + c - 6*c + 274 = 0. What is the units digit of b?
1
Let m(x) = -x + 76. What is the tens digit of m(12)?
6
Suppose -5*p + 2*p + 6 = 2*b, 0 = -4*b. Let d = 19 - 7. Suppose 4*z + 4 = 5*n, p*n - 3*n + 4*z = d. What is the units digit of n?
4
Let q(n) = 5*n**2 - 2*n - 1. Suppose 4*o + l = -1, -3*o - 3*l = -8*o - 14. Let v be q(o). Let a(f) = f**2 - 6*f + 6. What is the units digit of a(v)?
6
Let u(v) = -v**3 + 2*v**2 + v + 3. Let c be u(3). Let g = c + 6. What is the units digit of g?
3
Let o be (-3)/12 - (-13)/4. Suppose -4*q = -o*q - 10. What is the units digit of q?
0
Let h be ((-2)/(-2))/(11/22). Suppose -o + 17 = 2*z, 0*o - h*z = 3*o - 43. What is the units digit of o?
3
What is the units digit of ((-7 - -4)*2)/(-1)?
6
Let u(z) = 1 - z**3 - 4*z + 9*z**2 + 0*z - 7. Let w be u(7). Suppose -m + 5*m = w. What is the units digit of m?
6
Let y(f) be the second derivative of f**4/12 + f**3/3 + 2*f**2 + f. What is the units digit of y(0)?
4
What is the units digit of (-20)/(-6)*(-504)/(-40)?
2
Let y(i) = -i**2 + 7*i + 8. Let g be y(8). Suppose g = -h - 3*h + 60. What is the units digit of h?
5
Let n = 1 + -1. Suppose -u = -n*u. Suppose t + 4*t - 15 = u. What is the units digit of t?
3
Let x be 2 + -1*3/3. Let i(h) = h**3 + 2*h**2 - h. Let y be i(x). Suppose 0*w + y*w = 20. What is the units digit of w?
0
Suppose 52 = 3*m - 3*b - 35, 3*b + 117 = 4*m. What is the tens digit of m?
3
Suppose -k - 18 = -5*i - 2*k, 2*i = -4*k + 18. Let t = 9 - i. What is the units digit of t?
6
Suppose 4*s - 360 = 260. Suppose -s = 6*p - 11*p. What is the units digit of p?
1
Let a(w) = w**2 + 11*w + 6. What is the tens digit of a(-12)?
1
Let a be 3 + -3 + 6/(-2). Let h be 6*a/(18/(-8)). What is the units digit of (4/(-6))/(h/(-84))?
7
Let m(p) = -p**2 - 3*p. Let h be m(-2). What is the tens digit of ((-22)/h)/(-1) - 0?
1
Let q = 16 - 7. What is the units digit of q?
9
Let l = 87 + -47. What is the tens digit of l?
4
Let n(f) = -f**3 - f**2. Suppose 8 = -4*c, 2*d + d + 2*c = -13. What is the units digit of n(d)?
8
Let t = 140 - 78. What is the tens digit of t?
6
Suppose -2*a - 4 = 0, -3*i + 2*a + 132 = 5*a. Suppose 5*q - 34 = -w, i = 4*w + 4*q - 2*q. What is the units digit of w?
9
Let w be 3/(-9)*-3*11. Let a = w - 8. Suppose 5*k = -3*f + a*k + 17, -3*f + 12 = 3*k. What is the units digit of f?
9
Let n = 21 + -7. Suppose -5*w + n = -86. What is the units digit of w?
0
Suppose -2*c + 0 = -4*f - 34, -19 = 4*f + c. Let z = f + 6. Suppose z*q - 6 = -3*q. What is the units digit of q?
2
Let v(r) = 10*r + 1. Let c be v(2). Suppose -13 - c = -2*s. What is the units digit of s?
7
Let l(v) = -2*v**3 - v**2 + 3*v + 2. Suppose 0 = -p + 1. Suppose 5 = -2*g + p. What is the units digit of l(g)?
8
Let o be -1 + -3 + -5 + -5. Let v = 3 - 2. What is the tens digit of 2 + (2/v - o)?
1
Suppose 3*t - 3 = -3*g - 0*t, 4*g + 5*t - 2 = 0. Suppose 54 = g*q - 3*n, 2*n = q - 2*q + 18. Let y = q - 11. What is the units digit of y?
7
Let f be 12 + (-2 - 2)/2. Suppose 0 = 9*y - f*y + 7. What is the units digit of y?
7
Let y(o) = -3*o - 7. Let z be y(-6). Suppose -3*p + 6*t = 2*t - z, 0 = -2*p + 4*t + 10. What is the units digit of p?
1
Suppose -5*x + 235 = -4*w + 5*w, -3*w = -x - 785. What is the units digit of w?
0
Suppose j + 1 = -2*k, 5*j - j + k - 24 = 0. Let r = -5 + j. Suppose r*g + 3*d = 4*d + 10, 15 = 3*g + 4*d. What is the units digit of g?
5
Suppose -a = a - 8. Suppose 60 = a*d - 5*o, 5*d + o + 16 = 62. What is the tens digit of d?
1
Let s(z) = -z**2 - 23*z - 22. What is the units digit of s(-20)?
8
Suppose 0 = 2*c + r - 18, -3*c + 0*r + 26 = r. Let m = c - -9. What is the units digit of m?
7
Let b(c) = 5*c**3 - 3*c**2 + 4*c - 6. What is the tens digit of b(2)?
3
Let t(a) = a**2 - 11*a + 13. Let z be t(10). Suppose 8 = x + z. What is the units digit of x?
5
Let v(d) = -d**2 - 9*d - 8. Let l be v(-8). Let c = l + -9. What is the units digit of 6/c*(-6)/1?
4
Let b(a) = 6*a**2 - 3. Let s(z) = -13*z**2 + 5. Let t(k) = 5*b(k) + 2*s(k). What is the tens digit of t(3)?
3
Let k = 54 - -6. Suppose 0 = -4*z - z + k. What is the tens digit of z?
1
Suppose -16 = -2*i + 28. What is the tens digit of i?
2
Let s = -18 - -102. What is the units digit of s?
4
Let u = 3 + -1. Suppose 3*m + 11 = 4*q, 0 = -5*q + 3*m - 2 + 15. What is the units digit of (-1)/(u/(-7))*q?
7
Let t(h) = -135*h + 190. Let i(n) = 5*n - 7. Let w(j) = 55*i(j) + 2*t(j). What is the tens digit of w(6)?
2
Suppose 0*x - 4*x - 6 = 2*d, 3*x + 4*d = -7. Let c = x - -8. Let w(u) = u**3 - 7*u**2 + 2*u. What is the units digit of w(c)?
4
Let c be (-3)/(-9) - (-35)/3. Let v = 14 - c. What is the units digit of v?
2
Let p(w) = -w**3 + 5*w**2 + 7*w - 4. Suppose 2*t = -i + 3 + 6, -3*i - 9 = 0. Let k be p(t). Let u(f) = 3*f + 1. What is the units digit of u(k)?
7
Suppose -3*n + 26 = -7. Let y = n - 5. What is the units digit of y?
6
Suppose -5*k + 238 = 4*a, k - 4*k - 51 = -a. What is the tens digit of a?
5
Let j be (1 - 2)/(2/(-8)). What is the units digit of (j + -3)/(-1)*-8?
8
Suppose r - 2*r = -6. Suppose r*c - 3*c + 246 = 0. What is the tens digit of 6/10 + c/(-5)?
1
Let n = 32 + 6. Let p = n - 18. What is the units digit of p?
0
Let r be (-6)/(-27) + 372/27. Let c = r - 8. Suppose 65 = -z + c*z. What is the units digit of z?
3
What is the tens digit of (-1)/(2/(-464)) + (-3)/(-1)?
3
Suppose n - 374 = -5*b, 15 - 155 = -2*b + 2*n. Suppose -6*x = -x + 4*m - b, -2*x + 30 = 2*m. What is the units digit of x?
4
Let i(a) = -a**2 - 9*a + 1. Let g be i(-9). Suppose 4*q + u + 5 = 0, -5*q + 4*u = g - 0. What is the units digit of 1 + 1 - 0/q?
2
Let p = 42 + -23. What is the units digit of p?
9
Suppose -a - 4 = -17. What is the units digit of a?
3
Let t be 136/14 - 18/(-63). Suppose t = 2*l - 12. What is the tens digit of l?
1
What is the tens digit of 9 - 5 - (-27 - 1)?
3
Suppose 0 = -3*t + 2 + 7. Suppose -t*j + 3*a + 19 = a, -4 = -2*j - 3*a. Suppose 3*l - 40 = -5*g, 2*g + 43 = j*g - 2*l. What is the tens digit of g?
1
Let f(n) be the second derivative of 4*n**3/3 - 2*n**2 - 4*n. What is the units digit of f(3)?
0
Suppose -2*z - 90 = -p + 51, -276 = -2*p + z. What is the tens digit of p?
3
Let r(b) = b**2 - 8*b + 9. Let d be r(6). What is the tens digit of 1 - (d - -2) - -10?
1
Let g = -32 - -49. Suppose 0 = t - 4*n - g, 4*t + 33 = -4*n + 101. What is the units digit of t?
7
Let h = -11 + 10. Let g(u) be the second derivative of -9*u**5/20 + u**4/12 + u**3/3 + u**2/2 - u. What is the units digit of g(h)?
9
Let l be 6 - -3*(-6)/9. Let g = l - 0. Suppose -g*t + 10 = t. What is the units digit of t?
2
Suppose -1 = -q + 7. What is the units digit of (q/10)/((-4)/(-10))?
2
Suppose 40 = k + 3. What is the tens digit of k?
3
Suppose 2*p + 52 = 180. What is the units digit of p?
4
What is the tens digit of 2/(-3) + (-110)/(-3)?
3
Suppose 3*u = -5*j + 1017